{"id":14,"date":"2024-09-11T19:39:01","date_gmt":"2024-09-11T19:39:01","guid":{"rendered":"https:\/\/whitecode.com.tr\/?page_id=14"},"modified":"2025-10-21T14:20:58","modified_gmt":"2025-10-21T14:20:58","slug":"iletisim","status":"publish","type":"page","link":"http:\/\/whitecode.com.tr\/index.php\/iletisim\/","title":{"rendered":"\u0130LET\u0130\u015e\u0130M"},"content":{"rendered":"\n<p><strong>Adres :&nbsp;<\/strong>\u0130dealtepe Mah. Dik Sk. NO:2 \u0130\u00c7 KAPI NO:13 Maltepe\/\u0130STANBUL<\/p>\n\n\n\n<p><strong>Telefon :<\/strong>&nbsp;+905302295549<\/p>\n\n\n\n<p><strong>WhatsApp :&nbsp;<\/strong>+905302295549<\/p>\n\n\n\n<p><strong>E-POSTA :&nbsp;<\/strong>info@whitecode.com.tr<\/p>\n\n\n\n<p>WHITE CODE TEKNOLOJ\u0130 L\u0130M\u0130TED \u015e\u0130RKET\u0130<\/p>\n","protected":false},"excerpt":{"rendered":"<p>Adres :&nbsp;\u0130dealtepe Mah. Dik Sk. NO:2 \u0130\u00c7 KAPI NO:13 Maltepe\/\u0130STANBUL Telefon :&nbsp;+905302295549 WhatsApp :&nbsp;+905302295549 E-POSTA :&nbsp;info@whitecode.com.tr WHITE CODE TEKNOLOJ\u0130 L\u0130M\u0130TED \u015e\u0130RKET\u0130<\/p>\n","protected":false},"author":1,"featured_media":0,"parent":0,"menu_order":0,"comment_status":"closed","ping_status":"closed","template":"","meta":{"footnotes":""},"class_list":["post-14","page","type-page","status-publish","hentry"],"_links":{"self":[{"href":"http:\/\/whitecode.com.tr\/index.php\/wp-json\/wp\/v2\/pages\/14","targetHints":{"allow":["GET"]}}],"collection":[{"href":"http:\/\/whitecode.com.tr\/index.php\/wp-json\/wp\/v2\/pages"}],"about":[{"href":"http:\/\/whitecode.com.tr\/index.php\/wp-json\/wp\/v2\/types\/page"}],"author":[{"embeddable":true,"href":"http:\/\/whitecode.com.tr\/index.php\/wp-json\/wp\/v2\/users\/1"}],"replies":[{"embeddable":true,"href":"http:\/\/whitecode.com.tr\/index.php\/wp-json\/wp\/v2\/comments?post=14"}],"version-history":[{"count":2,"href":"http:\/\/whitecode.com.tr\/index.php\/wp-json\/wp\/v2\/pages\/14\/revisions"}],"predecessor-version":[{"id":33,"href":"http:\/\/whitecode.com.tr\/index.php\/wp-json\/wp\/v2\/pages\/14\/revisions\/33"}],"wp:attachment":[{"href":"http:\/\/whitecode.com.tr\/index.php\/wp-json\/wp\/v2\/media?parent=14"}],"curies":[{"name":"wp","href":"https:\/\/api.w.org\/{rel}","templated":true}]}}